ed by 48.
47
What is the remainder when 597 is divided by 44?
25
What is the remainder when 102240 is divided by 14?
12
What is the remainder when 83309 is divided by 10410?
29
Calculate the remainder when 2384728 is divided by 23.
19
What is the remainder when 123118 is divided by 810?
808
Calculate the remainder when 325422 is divided by 15.
12
Calculate the remainder when 326 is divided by 32.
6
What is the remainder when 1503469 is divided by 1503460?
9
Calculate the remainder when 102293 is divided by 1735.
1663
Calculate the remainder when 21605 is divided by 13.
12
Calculate the remainder when 3047 is divided by 611.
603
Calculate the remainder when 107882 is divided by 323.
0
What is the remainder when 620486 is divided by 145?
31
What is the remainder when 1153 is divided by 169?
139
Calculate the remainder when 86995 is divided by 20.
15
What is the remainder when 134049 is divided by 57?
42
What is the remainder when 422123 is divided by 198?
185
What is the remainder when 5457 is divided by 546?
543
Calculate the remainder when 212846 is divided by 330.
326
Calculate the remainder when 62785 is divided by 161.
156
Calculate the remainder when 6536 is divided by 1632.
8
Calculate the remainder when 232226 is divided by 141.
140
What is the remainder when 130088 is divided by 13?
10
What is the remainder when 373 is divided by 285?
88
What is the remainder when 62 is divided by 57?
5
What is the remainder when 382969 is divided by 25?
19
Calculate the remainder when 17535 is divided by 4377.
27
Calculate the remainder when 2441658 is divided by 26.
24
What is the remainder when 857491 is divided by 579?
571
Calculate the remainder when 4096 is divided by 40.
16
Calculate the remainder when 17106 is divided by 364.
362
What is the remainder when 2120969 is divided by 305?
304
Calculate the remainder when 847 is divided by 420.
7
Calculate the remainder when 200649 is divided by 29.
27
Calculate the remainder when 773 is divided by 122.
41
What is the remainder when 5325 is divided by 530?
25
What is the remainder when 276 is divided by 79?
39
What is the remainder when 2343 is divided by 55?
33
Calculate the remainder when 22896 is divided by 7.
6
Calculate the remainder when 16641 is divided by 183.
171
What is the remainder when 259974 is divided by 53?
9
Calculate the remainder when 53544 is divided by 17829.
57
What is the remainder when 154699 is divided by 6?
1
Calculate the remainder when 14539 is divided by 485.
474
What is the remainder when 4174 is divided by 1384?
22
Calculate the remainder when 431794 is divided by 53972.
18
What is the remainder when 12653 is divided by 6309?
35
What is the remainder when 98409 is divided by 65?
64
What is the remainder when 171264 is divided by 96?
0
Calculate the remainder when 3283 is divided by 785.
143
Calculate the remainder when 34150 is divided by 17054.
42
Calculate the remainder when 4244 is divided by 2095.
54
Calculate the remainder when 15165 is divided by 15165.
0
What is the remainder when 6024 is divided by 80?
24
Calculate the remainder when 12140 is divided by 54.
44
Calculate the remainder when 33316 is divided by 28.
24
What is the remainder when 702 is divided by 492?
210
What is the remainder when 103915 is divided by 279?
127
Calculate the remainder when 547913 is divided by 10.
3
Calculate the remainder when 711 is divided by 73.
54
What is the remainder when 925439 is divided by 14?
11
What is the remainder when 19054 is divided by 95?
54
Calculate the remainder when 5099 is divided by 104.
3
What is the remainder when 9227 is divided by 76?
31
What is the remainder when 40133 is divided by 232?
229
What is the remainder when 127657 is divided by 1850?
7
Calculate the remainder when 1741 is divided by 102.
7
Calculate the remainder when 6393 is divided by 374.
35
Calculate the remainder when 10573 is divided by 635.
413
Calculate the remainder when 23737 is divided by 314.
187
Calculate the remainder when 61117 is divided by 382.
379
What is the remainder when 13272 is divided by 251?
220
What is the remainder when 21172 is divided by 5188?
420
Calculate the remainder when 35446 is divided by 48.
22
What is the remainder when 1382476 is divided by 1086?
1084
What is the remainder when 121011 is divided by 166?
163
Calculate the remainder when 11345 is divided by 3780.
5
What is the remainder when 106878 is divided by 53422?
34
What is the remainder when 441094 is divided by 28?
10
Calculate the remainder when 760 is divided by 42.
4
Calculate the remainder when 21053 is divided by 10503.
47
What is the remainder when 49991 is divided by 17?
11
What is the remainder when 54659 is divided by 385?
374
What is the remainder when 14312 is divided by 3564?
56
What is the remainder when 10779 is divided by 62?
53
What is the remainder when 94231 is divided by 95?
86
What is the remainder when 143465 is divided by 178?
175
What is the remainder when 309815 is divided by 2?
1
What is the remainder when 2917784 is divided by 626?
624
What is the remainder when 1017099 is divided by 1797?
1794
What is the remainder when 714116 is divided by 132?
128
What is the remainder when 31024 is divided by 72?
64
Calculate the remainder when 145431 is divided by 392.
391
Calculate the remainder when 28482 is divided by 48.
18
What is the remainder when 829553 is divided by 75?
53
Calculate the remainder when 1801 is divided by 688.
425
What is the remainder when 35910 is divided by 67?
65
Calculate the remainder when 557734 is divided by 8.
6
What is the remainder when 579 is divided by 83?
81
Calculate the remainder when 404770 is divided by 2224.
2
What is the remainder when 8787 is divided by 964?
111
Calculate the remainder when 47618 is divided by 15676.
590
What is the remainder when 1344 is divided by 446?
6
Calculate the remainder when 375579 is divided by 93893.
7
Calculate the remainder when 91354 is divided by 331.
329
Calculate the remainder when 23193 is divided by 197.
144
What is the remainder when 34877 is divided by 16?
13
What is the remainder when 131670 is divided by 211?
6
Calculate the remainder when 3657 is divided by 213.
36
Calculate the remainder when 37035 is divided by 143.
141
Calculate the remainder when 3141 is divided by 242.
237
Calculate the remainder when 527773 is divided by 775.
773
Calculate the remainder when 17202 is divided by 3672.
2514
Calculate the remainder when 5547 is divided by 111.
108
What is the remainder when 1901013 is divided by 78?
75
What is the remainder when 1666618 is divided by 10?
8
Calculate the remainder when 18413 is divided by 150.
113
Calculate the remainder when 13798 is divided by 44.
26
What is the remainder when 26857 is divided by 636?
145
What is the remainder when 17010 is divided by 3398?
20
What is the remainder when 550221 is divided by 55019?
31
Calculate the remainder when 111515 is divided by 41.
36
What is the remainder when 16695 is divided by 7905?
885
What is the remainder when 2935 is divided by 956?
67
Calculate the remainder when 33735 is divided by 348.
327
What is the remainder when 65356 is divided by 21754?
94
What is the remainder when 6121 is divided by 339?
19
What is the remainder when 2767 is divided by 162?
13
Calculate the remainder when 9825 is divided by 70.
25
Calculate the remainder when 7584 is divided by 3719.
146
Calculate the remainder when 12763574 is divided by 955.
954
What is the remainder when 618107 is divided by 114?
113
Calculate the remainder when 914 is divided by 106.
66
Calculate the remainder when 162942 is divided by 45.
42
What is the remainder when 35794 is divided by 373?
359
Calculate the remainder when 1732 is divided by 217.
213
Calculate the remainder when 31664 is divided by 273.
269
Calculate the remainder when 12726 is divided by 74.
72
What is the remainder when 4512 is divided by 145?
17
Calculate the remainder when 5834 is divided by 523.
81
What is the remainder when 2682 is divided by 2650?
32
What is the remainder when 10665 is divided by 184?
177
What is the remainder when 1849 is divided by 434?
113
What is the remainder when 9328 is divided by 49?
18
What is the remainder when 889 is divided by 860?
29
Calculate the remainder when 19688 is divid